 2*f. Suppose d*v = 184786 + 455749. Is v a prime number?
True
Let i(y) be the third derivative of 593*y**4/24 - 13*y**3 + 8*y**2 + 4*y. Is i(8) composite?
True
Let f = -14560 + 14913. Let r be 194/((-2)/((-2)/(-1))). Let q = r + f. Is q prime?
False
Let v(g) = 53*g**2 + 140*g + 4249. Is v(-70) a prime number?
False
Suppose 86*k + 4*f = 89*k - 48, 5*k = -5*f + 45. Is -2*(-361404)/32 + (-9)/k composite?
True
Let h be 2798/8 - (-4)/16. Suppose 5*b - 305 = h. Let m = 342 + b. Is m composite?
True
Let k(g) = g**3 + 26*g**2 + 13*g - 29. Let d be ((-36)/(-7))/((-20)/70). Is k(d) prime?
False
Let g = 23366 - 39303. Let q = -6344 - g. Is q composite?
True
Is (242718/(-9))/(112/(-168)) prime?
False
Suppose -150 = -4*b + 126. Let y = b + -63. Let v(o) = 242*o - 15. Is v(y) composite?
True
Let z(u) = -u**3 + 2*u**2 + 23*u + 2. Let y be z(6). Let q be 4/(y/32*-1). Let g = q + 245. Is g a prime number?
True
Let a be (702/(-5))/(3/(-10)). Let t = a - -791. Is t composite?
False
Let o(b) = 115623*b + 1208. Is o(3) prime?
True
Suppose -3*i = 24*i - 10584. Suppose 81717 = i*a - 389*a. Is a composite?
False
Let s = -154 + 158. Suppose s*i = 3*t - 5*t + 15636, -4*i + 15632 = t. Is i prime?
True
Let n(u) = -21*u**3 + 75*u**2 + 4*u + 19. Is n(-6) composite?
True
Is (852/(-1136))/(321233/321236 + -1) a prime number?
True
Let h = -77769 + 116518. Is h a prime number?
True
Let i = 52076 - -31235. Is i prime?
True
Suppose 3*r = 71045 + 82930. Suppose 51*a = 46*a + r. Is a a prime number?
False
Suppose 9*j - 23 = 4*j + 2*d, -3*j + 2*d + 17 = 0. Suppose 0 = j*o + 5*g - 19018, 2*o - o - 6346 = -3*g. Is o a prime number?
False
Let r(g) be the second derivative of 3*g**4/4 + 7*g**3/2 - 103*g**2/2 - 25*g - 2. Is r(-22) composite?
True
Is (1 + -5 + (-11 - -1) - -7) + 154862 composite?
True
Let g = -1500911 - -3377220. Is g a composite number?
False
Let i(r) = 1909*r**2 + 4*r + 1. Let s be i(7). Suppose 15*o - s = 5*o. Is o prime?
False
Is -1 - -1 - 26562797/(-113) prime?
True
Let i = 110 + -113. Let p(m) = 78*m**2 + 11*m + 22. Is p(i) composite?
False
Suppose -p + 3*s + 1420322 = 0, -p + 2*s + 569295 = -851020. Is p a prime number?
True
Let r = -21630 + 59387. Is r a prime number?
False
Is 119771988/656 + 4/(-16) composite?
False
Let p(k) = 7121*k**2 + 55*k - 821. Is p(13) composite?
False
Suppose -16*r + 539 = 203. Let w(i) = i**3 - 23*i**2 + 53*i - 20. Is w(r) prime?
True
Let g(r) = 3*r + 50*r**3 - 1159*r**3 + 11 - 2*r**2 - 15 + 7. Is g(-2) composite?
False
Let m(x) be the first derivative of -18*x - 19 + 1/3*x**3 + x**2. Is m(-16) prime?
False
Let z be 451 - ((-12)/(-3) - 2). Let v = z - 740. Let p = 4 - v. Is p a composite number?
True
Let f(n) be the second derivative of -65*n**4/24 - 5*n**3/3 - 29*n**2/2 + 10*n. Let s(u) be the first derivative of f(u). Is s(-3) a prime number?
False
Suppose -4 = -a, -a + 12 = -5*c + 3*c. Let l be 1 + -4 - (669 - (c - -6)). Let d = l - -1737. Is d a composite number?
True
Is ((-33)/(-9) + -3)*(-7 - 549861/(-6)) a prime number?
True
Let v = -32 + 35. Suppose -2*u = 4*j + 1376, 3*u + v*j + 2057 = 4*j. Let g = 201 - u. Is g composite?
False
Let o be (-1 + 1)/((-11)/((-77)/(-14))). Is 4 - 25*(o + -21) composite?
True
Suppose 85*v - 2235920 = 6726395. Is v a composite number?
True
Suppose -y + 9550 + 15061 = 0. Is y composite?
False
Let y(p) = -p**2 + 24*p + 11. Suppose -3*w = 3, 3*t + 3*w - 10 - 38 = 0. Let b be y(t). Let g = -68 + b. Is g a prime number?
False
Is -8 + -4 + 18 + 164913 composite?
True
Let t(q) = q**3 + q**2 - 4*q - 4. Let h be t(-2). Suppose h = -0*m - m - 3*m. Suppose 0*i = -y - 2*i + 114, -3*y + 4*i + 302 = m. Is y a composite number?
True
Suppose -3*n - 9 = 0, 4*t = -3*n + 5446 - 35867. Let i = 2364 - t. Is i a composite number?
False
Suppose -2*t = 7*x - 4*x - 5573, -5*x = -t - 9310. Is x prime?
True
Suppose 16*g + 15*g = 7052221. Is g composite?
True
Let v = -5154 - -9745. Let o = 9 - 1. Suppose -o*p + 4*p - 3*c + v = 0, p = -4*c + 1151. Is p prime?
False
Let h(b) = -3*b**3 + 102*b**2 + 38*b + 74. Is h(31) a composite number?
False
Let d = -1 + 3. Is (268273/118)/(1/d) prime?
True
Is (50/(-175))/((-8)/350868) prime?
False
Suppose 3*a = 11*a - 92600. Suppose 6149 = 6*t - a. Suppose -10*w + 17*w = t. Is w composite?
True
Let r(y) = 758*y**2 - 69*y + 41. Is r(14) a prime number?
False
Let n = -61690 + 86991. Is n a prime number?
True
Let a be 1219 - -1 - -2 - 2. Suppose -5*b + 4893 = -4*n - 6506, b = 4*n + 2299. Let t = b - a. Is t a prime number?
False
Let i be (-3 - (-5 - 2)) + 2. Let a be 2 - 151 - i*(-1)/(-2). Is (2 - 21/14)/((-2)/a) a composite number?
True
Suppose 371683 = 21*k - 3955388. Is k composite?
False
Suppose 37*g + 35*g = 74*g, -2*o - 4*g = -218894. Is o composite?
True
Suppose 18 = 3*x - 6*x. Let t(g) = -2*g**3 - 8*g**2 + 3*g - 11. Let h be t(x). Let m = 230 - h. Is m a composite number?
True
Let l(h) = 23*h**2 - 3*h + 10. Let x be l(-5). Suppose 0*a - x = 3*a - t, -a - 216 = 5*t. Let y = 388 + a. Is y composite?
True
Suppose 0 = 3*k, -5*y = 5*k + 33 - 38. Is (-2 - (0 - y))/((-2)/1678) prime?
True
Suppose -y + 535025 = 4*y - 5*a, 0 = -5*y + 3*a + 535025. Is y a composite number?
True
Let l(s) = -s**3 + 7*s**2 - 14*s - 31. Let w = -45 + 48. Suppose -3*v = -v - 2*r + 6, -w*v - 3*r - 33 = 0. Is l(v) a composite number?
True
Let g(i) = -i**3 - 8*i**2 + 10*i + 8. Let h be g(-9). Let d be -3 - (h + 3 + 1). Is 35/(-70) + (-639)/4*d a composite number?
True
Suppose -3*t + 32087 = 4*c, 4*t + 15*c = 11*c + 42776. Let x = t - 4340. Is x composite?
True
Suppose -5*j = -18 - 7. Suppose j*i - 15 + 5 = 0. Let u(t) = 556*t - 1. Is u(i) prime?
False
Suppose -8*p = -4*p + 48. Is (p - (-105)/10)*(-5578)/3 a composite number?
False
Suppose 4*n - a - 2407741 = 0, 0 = -20*a + 18*a + 14. Is n composite?
True
Suppose -5*s + 35 = 4*j, 0*j + s - 13 = -2*j. Suppose 10549 + 9136 = j*y. Is y composite?
True
Let k = -14292 + 30642. Suppose -k = -7*h - 103. Is h a prime number?
False
Let l be 2/(4/(-27)*-3)*2. Suppose 0*g + 15 = 5*g, -l = -5*k - 3*g. Suppose k = -9*m - 1325 + 21530. Is m a composite number?
True
Suppose -3*b = o - 1 + 3, -5*o + 20 = 0. Let d be 4548/(-6) + (b - (-1)/(-1)). Is 0 + ((-2)/(-1) - d) prime?
False
Let u = -115172 + 383295. Is u a composite number?
False
Let b(p) be the third derivative of p**4/12 - p**3 + 36*p**2. Let s be b(3). Is (s - (-7887)/(-6))*(-8)/4 a composite number?
True
Suppose -15*n + 115611 = -41364. Suppose 12*d - n = 11147. Is d a composite number?
False
Let a(z) = 5791*z**3 + 7*z**2 + z - 4. Is a(3) composite?
False
Suppose 0 = 258*g - 9379346 + 816068. Is g a composite number?
False
Suppose -3*w + 267799 = -b, w + 267802 = 4*w - 4*b. Is w a composite number?
True
Let n be (9/(-3))/(-3) - 4*-11. Is 10/n - (-273033)/81 a prime number?
True
Let v be 5 - 3342*4/(-6). Suppose -2*p + 5*y = v - 7264, -7504 = -3*p - y. Is p composite?
False
Suppose -2*h = 4, -4*h = -5*g - 2*h + 39. Is (-10007)/(0 + g + -8) a prime number?
True
Let c(a) be the first derivative of a**6/40 - 13*a**4/24 + 11*a**3/6 - 8*a**2 - 26. Let x(o) be the second derivative of c(o). Is x(9) a composite number?
False
Suppose x + 6869 = -3*z + 1590, -2*z - 21056 = 4*x. Let r = 7 + -10. Is (0 + x/(-4))/(r/(-12)) a prime number?
True
Suppose -2*o + 48162 = -2*b + 209008, 0 = -4*b - 3*o + 321734. Is b a composite number?
False
Suppose -25 = -5*n, -121 = -2*l + 3*n - 2*n. Suppose 5*z = 2*u + 922, u = -4*z + 811 - l. Suppose -z + 1390 = 4*w. Is w composite?
True
Let w = 165093 - -275302. Is w a composite number?
True
Let k(r) = -r**3 - 6*r**2 + 8*r + 10. Let z be k(-7). Suppose 5*h = 5*a + 20, 26*a - 3*h + 12 = 25*a. Suppose a = -z*n - 0 + 237. Is n prime?
True
Let p(o) = 9*o**3 + 2*o**2 + o - 4. Let a(j) = -2*j - 22. Let r be a(-13). Let h be p(r). Let s = h - -93. Is s a prime number?
True
Let a(m) = 20*m**2 - 161*m + 13. Let w be a(8). Suppose 0 = w*p - 4*g - 14061, -14*g + 19*g - 14070 = -5*p. Is p prime?
False
Suppose 7*j - 10 = -2*h + 2*j, -5*h - 8 = -4*j. Suppose -3*x = 2*w - h*w - 1671, x - 557 = -w. Let f = x - -552. Is f composite?
False
Suppose -3*b + q + 8355 = 0, -b - 43*q + 48*q = -2757. Is b composite?
True
Suppose -85*r - 30 = -90*r. Suppose -2*i - 3*o = -1075, 3*i - 5*o + r*o - 1602 = 0. Is i a prime number?
False